 List the prime factors of w.
3
Let a(k) = k**3 + 8*k**2. Let u be a(-8). Suppose n + 1 = 4. Suppose -n*b + 36 = -u*b. What are the prime factors of b?
2, 3
Suppose -20 = 3*s - 8, 5*h + 3*s + 52 = 0. Let f(v) = -2*v + 3. Let c be f(h). Let l = c + -11. List the prime factors of l.
2
Suppose 3*r = 5*r + 4. List the prime factors of (r + (-14)/(-4))*2.
3
Suppose 5*m - 3*m = 24. What are the prime factors of m?
2, 3
Let l(g) = g**3 - g**2 - 12. Let u be l(0). Let h(t) = -2*t + 4. Let n be h(-9). Let i = n + u. List the prime factors of i.
2, 5
Suppose 3*h + 536 = 11*h. What are the prime factors of h?
67
Let p = 0 + 0. Let t(u) be the third derivative of -u**4/24 + u**3 - u**2. What are the prime factors of t(p)?
2, 3
Let y(l) = l**3 - 3*l**2 - 5*l + 2. Let r be y(4). What are the prime factors of -1 + (r - 0) - -6?
3
Let t = 2 - 2. Suppose t*o = 2*o - 10. List the prime factors of o + -2 + 1 - 0.
2
Suppose -5*a + 36 + 32 = b, 2*b = 3*a - 46. What are the prime factors of a?
2, 7
Let a = 238 - 97. List the prime factors of a.
3, 47
Suppose 0 = -6*d + 2*d. Suppose d = 2*u + 3*k - k, -u = -3*k - 16. List the prime factors of u.
2
Let x(o) be the first derivative of o**3/3 + 5*o**2/2 + 7*o + 5. What are the prime factors of x(-7)?
3, 7
Let v be ((-6)/5)/((-18)/60). Let g = -76 + 116. Suppose g = 4*d - v*l, -d - 5*l + 27 = d. What are the prime factors of d?
11
Suppose 3*i - 4*r = 15 + 1, 0 = r + 1. Suppose -2*l = -4*l - 4, u + i*l + 6 = 0. What are the prime factors of u?
2
Suppose -12 = -5*d + 8. Suppose 3*q = -q + d. Suppose 0 = 3*z + 3*l - 21, 0 = 4*z + 5*l - 31 - q. List the prime factors of z.
3
Let f be 18/(-4)*(-10)/15. Suppose -5*t = -f*t - 4. What are the prime factors of t?
2
Let f be (-2 - -7)*(-28)/(-10). Let z = -2 + f. List the prime factors of z.
2, 3
Suppose -3*a + 5 = -h, 4*h + 5*a - 2 = 12. Suppose -g - 2 = -0*o - o, o - 2*g + h = 0. List the prime factors of o/(15/48)*1.
2
Let t(n) be the first derivative of -n**3/3 - 5*n**2/2 + 2*n - 4. List the prime factors of t(-5).
2
Suppose -4 = -3*r + r. Let i(o) be the third derivative of o**5/60 + o**4/24 - o**3/3 + 3*o**2. List the prime factors of i(r).
2
Let g = -9 + 12. Suppose -130 = -4*w - 3*q, w = -g*q + 4*q + 36. Suppose -11 = d - w. List the prime factors of d.
23
Let v(r) = 6*r**2 + 7*r + 3*r**3 - 5 - r**3 - 3*r**3. Let g be v(7). List the prime factors of (2/4)/(g/(-50)).
5
Suppose 0 = 2*s - 3*u - 11, u + 3*u = 2*s - 10. Suppose 0 = -g + s - 4. Suppose 2*q - t - 20 = -5*t, -g*q + 9 = -t. List the prime factors of q.
2
Suppose -z + 2*r = -r - 33, -3*z - 2*r = -44. Suppose 6*m - 3*m = z. What are the prime factors of m?
2, 3
Suppose -4*b - 2*t + 980 = 0, -t - 467 = -2*b + 15. What are the prime factors of b?
3
Let q = 9 + -16. Let n = 13 - q. List the prime factors of n.
2, 5
Let y(q) = -q**3 - 8*q**2 - 2*q - 3. Let j be y(-8). Let x be 18/8 + 1/(-4). Suppose n - x = j. List the prime factors of n.
3, 5
Let s = 173 - 124. List the prime factors of s.
7
Let c(k) be the third derivative of -k**6/120 + k**5/60 + 7*k**3/3 + 6*k**2. What are the prime factors of c(0)?
2, 7
Let i(w) = 2*w**2 + 11*w - 23. List the prime factors of i(-12).
7, 19
Suppose -3*i + 72 - 12 = 0. Suppose 5*c - 50 - 135 = -5*j, 2*j = 5*c + 60. Let h = j - i. List the prime factors of h.
3, 5
What are the prime factors of -1*(-80)/44 + (-2)/(-11)?
2
Suppose 4*z + 2*z = 432. List the prime factors of z.
2, 3
Suppose 4*i - 239 = -y, -5*y - 9 = -4. What are the prime factors of i?
2, 3, 5
Let h(s) be the first derivative of -2 + 3*s**2 + 1/3*s**3 - 4*s. What are the prime factors of h(-8)?
2, 3
Suppose -18*k + 15*k + 297 = 0. What are the prime factors of k?
3, 11
Let q(o) = -o**2 - o + 7. Let u be q(0). Let w = u + 18. What are the prime factors of w?
5
Let o(u) = 3 + 9*u - 9 + 3. What are the prime factors of o(3)?
2, 3
Let l(m) = -m**3 - 6*m**2 + 5*m - 10. What are the prime factors of l(-7)?
2
Let j be 3*-1 - (-16)/(-8). Let l = j + 2. List the prime factors of (1/l)/(3/(-99)).
11
Suppose -2*k = -0*k + g - 154, -5*k = 4*g - 379. List the prime factors of k.
79
Let f(s) = s**3 + 10*s**2 + 13*s + 25. List the prime factors of f(-8).
7
Let a be -8*-2*46/16. Suppose -5*f = -a + 11. List the prime factors of f.
7
Suppose -4*w = -4*n - 8, -5*w + 2 = -3*n - 3*w. Let o(c) = 3*c - 3. List the prime factors of o(n).
3
Let w(u) be the first derivative of -1/4*u**4 + 0*u**3 + 3 + 3/2*u**2 + 3*u. What are the prime factors of w(-2)?
5
Let b be ((-84)/35)/(3/(-20)). Suppose -b = -2*p - 2*z, -2*z = -7*z + 5. List the prime factors of p.
7
Let q(u) = -3*u - 6. Let m(t) = -5*t - 9. Let r(s) = 5*m(s) - 8*q(s). Let c be r(0). Suppose c*o - o - 22 = -4*f, o = 5*f - 38. What are the prime factors of f?
7
Let a(o) = 9*o - 14. List the prime factors of a(8).
2, 29
Let o(u) = -u**2 - 1. Let h(b) = 4*b**2 - b + 29. Let d(t) = h(t) + 3*o(t). List the prime factors of d(0).
2, 13
List the prime factors of (0 + -4 + 3)*(3 - 114).
3, 37
Let w = 24 + 0. What are the prime factors of w?
2, 3
Let d be ((-1)/3)/(1/(-9)). Suppose -2*t = d - 15. List the prime factors of t.
2, 3
Let s = 9 + -11. Let b be (-66)/(-12) - s/(-4). Suppose 100 = b*q - 0*q. What are the prime factors of q?
2, 5
Let u = 156 - 26. List the prime factors of u.
2, 5, 13
Let y(a) = 2*a**2 - 3*a. Let d(s) = -s + 8. Let r be d(6). Let q be y(r). What are the prime factors of q - (-9 + 2 + 1)?
2
Suppose -3*b - 1 = -t + 8, -5*t - 5*b + 5 = 0. Let s be 8*-1*(t - 4). Suppose -j + 9 + s = 0. What are the prime factors of j?
17
Let q = 185 - 163. What are the prime factors of q?
2, 11
Let y(v) = v**3 - v**2 + v + 25. List the prime factors of y(0).
5
Suppose -12 = -2*j + 2*s, 5*j - 12 = -2*s - 2*s. Suppose -4*p - 3*n + 3 = -4, -n - 19 = -j*p. List the prime factors of p.
2
Let w(z) = z**3 + 5*z**2 + 2*z + 6. What are the prime factors of w(-4)?
2, 7
Suppose g - 5*k + 10*k - 3 = 0, 2*g = -4*k + 6. Suppose g*f - v + 1 = 4*f, 3*f - 23 = v. Suppose f*m - m - 40 = 0. What are the prime factors of m?
2
Suppose 3*l = -l - 5*d - 13, 4*d + 20 = 0. Suppose l*j + 2*j = 20. List the prime factors of j.
2
Suppose 383 = 3*g - 5*u, -2*u = -2*g + 2*u + 256. List the prime factors of g.
2, 3, 7
Let s = 67 + 30. List the prime factors of s.
97
Let i(g) = -72 + 76 - 3*g - 5*g + g**2. What are the prime factors of i(10)?
2, 3
Let n = -736 - -472. List the prime factors of 10/(-65) - n/26.
2, 5
Suppose -2*y = 2*y - 20. Suppose -85 = -4*o - y*v, -6*o - 5*v + 70 = -3*o. What are the prime factors of o?
3, 5
Let l = -9 + 16. Let b = l - -22. What are the prime factors of b?
29
Let f = -4 + 26. Suppose 0 = -2*l - 0*l + f. List the prime factors of l.
11
Suppose 3*z + 5*d = -z + 154, 0 = -2*d + 4. List the prime factors of z.
2, 3
Let y be 2/2*(-3 - -8). Let x(f) = -f**2 + 7*f - 6. Let s be x(y). Suppose 3*p = 5*i + 54 - 14, -s*p + 3*i + 57 = 0. List the prime factors of p.
3, 5
Suppose 0*c + 2*q = -3*c + 102, 0 = 2*c + 2*q - 66. Suppose -2*j + 70 = -3*p, 96 = -4*p + 5*j - j. Let l = c + p. List the prime factors of l.
2, 7
Suppose -5*c + 169 = -41. Suppose 0 = 5*a - c + 7. What are the prime factors of a?
7
Suppose 0*u + 222 = 5*u + l, 0 = -u + 4*l + 36. What are the prime factors of u?
2, 11
Let b(a) = 44*a - 7. What are the prime factors of b(2)?
3
Suppose 2*z = 4*p + 5 - 11, 5*z + 22 = 3*p. Let a = 18 - p. List the prime factors of a.
19
What are the prime factors of ((-576)/4)/(-3) + 0?
2, 3
Let s(h) = -h**3 - 6*h**2 + 6*h + 6. Suppose -2*c + 32 = 2*c. Let y be ((-2)/(-1))/(c/(-28)). What are the prime factors of s(y)?
13
Let z(b) be the first derivative of 6*b**2 - b - 2. What are the prime factors of z(1)?
11
Let z = 19 - 19. Suppose 2*p = -5*b + 39, -4*b - 1 - 11 = z. What are the prime factors of p?
3
Let s be 3 - 2 - (0 + 1). Suppose 3*q - q = s. Suppose -5*r + 5*o = 0, 5*o - 32 = -3*r - q. List the prime factors of r.
2
Let o be (-52)/(-12) - 1/3. Let r be (o/6)/((-2)/12). What are the prime factors of r/2 + 4*2?
2, 3
Let y(w) = 23 - 5*w**3 + w**2 + w - 2*w + 3*w**3 + w**3. List the prime factors of y(0).
23
Let c(n) = 2 - 1 + 1 - 6 + 3*n. What are the prime factors of c(9)?
23
Suppose 3*j - 7*j + 36 = 0. What are the prime factors of j?
3
Let c(v) = -21*v**3 - 2*v**2 + 2*v - 1. Let q be c(1)